t is 1524255322 - 1?
1524255321
In base 16, what is -2a88 + 38a?
-26fe
In base 3, what is 21102111222101100 - 2?
21102111222101021
In base 9, what is 1642047 + -7?
1642040
In base 16, what is -1511 + -7964?
-8e75
In base 14, what is 10d5063b - 0?
10d5063b
In base 12, what is -462085 - -1a8?
-461a99
In base 2, what is -111110101001100 - 101110101?
-111111011000001
In base 11, what is 24 + -114867?
-114843
In base 12, what is -3a13252a + 1?
-3a132529
In base 8, what is -2 - 14325724?
-14325726
In base 16, what is 1 - -40b7fa?
40b7fb
In base 3, what is -1101102002010212 - -2?
-1101102002010210
In base 16, what is -47fa4 + -153?
-480f7
In base 4, what is 100232323120021 - -10?
100232323120031
In base 3, what is -20012001 + 1210111?
-11101120
In base 5, what is -2111042332212 + -1?
-2111042332213
In base 3, what is 22 + 11220221002120?
11220221002212
In base 2, what is -1111101101 + -1000101001111011?
-1000111001101000
In base 5, what is -12 + -104220243?
-104220310
In base 13, what is -23 - -1999318?
19992c5
In base 2, what is 10000 - -10011110000011111100001?
10011110000011111110001
In base 2, what is 1 - 100100011111010100101011001?
-100100011111010100101011000
In base 15, what is 70e - 5e4?
11a
In base 6, what is -440141 - 3424?
-444005
In base 3, what is 211001100222101 - 1?
211001100222100
In base 9, what is -123 + -5723588?
-5723722
In base 4, what is 20032221133 - -200?
20032221333
In base 7, what is 523024060 + 2?
523024062
In base 2, what is -100110010001110111111011 + -1000?
-100110010001111000000011
In base 11, what is -74 + 226126?
226062
In base 6, what is -431254022 + 155?
-431253423
In base 6, what is -130 + 124332510?
124332340
In base 13, what is -8155474c + -1?
-81554750
In base 16, what is -1966948 - -1?
-1966947
In base 11, what is -174 + 225281?
225108
In base 11, what is -6640 + -215?
-6855
In base 10, what is -571668 - 113?
-571781
In base 9, what is -5 - 1115636?
-1115642
In base 8, what is 500432 - 57?
500353
In base 14, what is -da6a - -11?
-da59
In base 2, what is -10011100 - 111000010101100010?
-111000010111111110
In base 15, what is -1 - -2684a9?
2684a8
In base 14, what is 3 + -218c7b8?
-218c7b5
In base 9, what is -2 + 557212511?
557212508
In base 8, what is -2656704316 - 5?
-2656704323
In base 8, what is 23632500 + 7?
23632507
In base 10, what is -5 + 1416729?
1416724
In base 6, what is 34434344421 + 3?
34434344424
In base 10, what is 196 + -180182?
-179986
In base 15, what is 9e1c3 - a5?
9e11d
In base 12, what is -3b9 - 55a254?
-55a651
In base 4, what is -3312 - 11303333?
-11313311
In base 9, what is -76 + 1800661?
1800574
In base 16, what is 4dec3e + -21?
4dec1d
In base 8, what is 2223315 - 67?
2223226
In base 13, what is 8004b71b + 5?
8004b723
In base 5, what is -2312403322 + 1112?
-2312402210
In base 9, what is 3 + -76513682?
-76513678
In base 3, what is 210102212022 + -2?
210102212020
In base 9, what is 8754188 + 46?
8754245
In base 14, what is 34 + 6a20?
6a54
In base 10, what is -361 - 18418?
-18779
In base 14, what is 23492 + 5b?
2350d
In base 7, what is -205252 - 33444?
-242026
In base 12, what is 5a0 - -97?
677
In base 7, what is 5 - -62031113?
62031121
In base 10, what is -147 + -29747?
-29894
In base 16, what is -128da2eb - 5?
-128da2f0
In base 9, what is 67386 + -2845?
64441
In base 4, what is 1233013231 + 11103?
1233031000
In base 9, what is 54043 + -27?
54015
In base 13, what is 494aa54 + 4?
494aa58
In base 7, what is 63106 - -14025?
110134
In base 16, what is -4ea53 - -5?
-4ea4e
In base 4, what is -33231 - -2033300?
2000003
In base 2, what is 101 - 1001000101111101010001110101?
-1001000101111101010001110000
In base 16, what is 5 + -3f50a9?
-3f50a4
In base 3, what is 1200210121001101 - 0?
1200210121001101
In base 10, what is -35755062 - -5?
-35755057
In base 14, what is -545758 - -6b?
-5456cb
In base 13, what is ac4 + -2a7a?
-1c86
In base 12, what is -158061 - -136?
-157b27
In base 14, what is 0 - -a2b74d?
a2b74d
In base 6, what is 500101310 + -20?
500101250
In base 15, what is -c + -953c7?
-953d4
In base 8, what is 2 - -32762520?
32762522
In base 4, what is 21 + -1321010130303?
-1321010130222
In base 6, what is -121100 - -135010?
13510
In base 4, what is 1 + -10003100010233?
-10003100010232
In base 5, what is -344124332 - 1034?
-344130421
In base 13, what is -4529 - -11b9?
-3340
In base 8, what is 4056 + 64035?
70113
In base 11, what is -274948 - 45?
-274992
In base 6, what is -144 - 100040214?
-100040402
In base 15, what is 2 - -3380e2?
3380e4
In base 11, what is 409a - 620?
357a
In base 16, what is 47eae + 5d?
47f0b
In base 12, what is -b1592 - 1b?
-b15b1
In base 4, what is -3 + -13002210300?
-13002210303
In base 13, what is -1 - -3aabc71?
3aabc70
In base 3, what is 10 - 110011222201002211?
-110011222201002201
In base 6, what is 403525331201 - -2?
403525331203
In base 12, what is -6264 - -486?
-599a
In base 11, what is -3a6 - 318626?
-318a21
In base 2, what is 1001 - 10101000010001101110001?
-10101000010001101101000
In base 15, what is 4706 - -197?
489d
In base 8, what is -1101365 - -3?
-1101362
In base 16, what is -86 + b70b?
b685
In base 11, what is -3 - 4a4356?
-4a4359
In base 12, what is 19648831 - 10?
19648821
In base 6, what is 1 + 23335450311?
23335450312
In base 5, what is -333 + -13314332?
-13320220
In base 15, what is -5c2ee + 9a?
-5c254
In base 5, what is -1441431303 + 20?
-1441431233
In base 7, what is -1 + 6216463?
6216462
In base 12, what is 54 - 139b229?
-139b195
In base 12, what is -1166 - 2a0?
-1446
In base 6, what is -4 + -35224433?
-35224441
In base 15, what is -3882d2 + -a1?
-388383
In base 11, what is -22 + -25463?
-25485
In base 14, what is 756 - 34d8?
-2b82
In base 10, what is -621813 + 56?
-621757
In base 7, what is 26042626 - -63?
26043022
In base 8, what is 103542315 + 1?
103542316
In base 11, what is 5 + -148637297?
-148637292
In base 3, what is 220220 + -11002102101?
-11001111111
In base 10, what is 38372078 + -14?
38372064
In base 16, what is -d + -6e0909?
-6e0916
In base 11, what is 171512 - 223?
17129a
In base 14, what is -10071 - 53d?
-105b0
In base 11, what is -146 - -73185?
7303a
In base 6, what is -430024 - 3423?
-433451
In base 14, what is -d6295 - -32?
-d6263
In base 2, what is 110011 - -1001011110000111100?
1001011110001101111
In base 9, what is -7801 + 32038?
23137
In base 9, what is -117412 - -44?
-117357
In base 10, what is 109651320 + -4?
109651316
In base 16, what is -f3b9d - 79?
-f3c16
In base 15, what is 2 - -110b68?
110b6a
In base 14, what is -3 + 1b3c8c8?
1b3c8c5
In base 6, what is 22323444 + 11?
22323455
In base 10, what is 794 - 210?
584
In base 13, what is 687ca69 - -2?
687ca6b
In base 13, what is -10 + -59456?
-59466
In base 16, what is -4900 - -108b8?
bfb8
In base 2, what is -100 + 1110000111000110100000?
1110000111000110011100
In base 14, what is -357ba + 1?
-357b9
In base 12, what is -75240198 - 2?
-7524019a
In base 7, what is -15 - 234114615?
-234114633
In base 13, what is -b7c + 820?
-35c
In base 14, what is 2 + 2646b4?
2646b6
In base 7, what is 323461 - 3365?
320063
In base 15, what is 3 - 5955b5?
-5955b2
In base 15, what is -29e72861 - -5?
-29e7285b
In base 2, what is 111010010101110111010 + -1?
111010010101110111001
In base 15, what is b517 - -77a?
bc92
In base 5, what is -43104412 + 4?
-43104403
In base 15, what is 1b2d9 + -6?
1b2d3
In base 3, what is -20200101010 - 1000?
-20200102010
In base 8, what is -3766567 + 16?
-3766551
In base 2, what is -110100111111101111 - 1011?
-110100111111111010
In base 7, what is -15316 + 162662?
144343
In base 5, what is 1314334 + -3133?
1311201
In base 7, what is -606154104 + -23?
-606154130
In base 12, what is -1273 + -110b26?
-112199
In base 2, what is 100011101011111101 - 1010110111?
100011100001000110
In base 6, what is -210 - -1030510?
1030300
In base 4, what is 111312010012112 - 3?
111312010012103
In base 8, what is -36503276 - -2?
-36503274
In base 8, what is 11040114 + -32?
11040062
In base 6, what is 41 - 534024553?
-534024512
In base 2, what is -11 + 10000011111110100011101?
10000011111110100011010
In base 10, what is 1 - 35688?
-35687
In base 4, what is -10 + -13102131132312?
-13102131132322
In base 9, what is -5460 + -3770?
-10340
In base 5, what is 200 + 100232012?
100232212
In base 15, what